a - 2*j = -16. Let g(r) be the first derivative of -3*r**2/2 - 4*r - 43. What is g(a)?
-10
Let f(u) = -28*u + 176. Let r = -26808 + 26814. What is f(r)?
8
Suppose 4*o + 681 = 6*o + 675. Let k(s) = 4*s**2 - s - 11. Let r(u) = 3*u**2 - 10. Let i(j) = -4*k(j) + 5*r(j). Determine i(o).
-3
Let j = 11013 - 11017. Let q(l) be the first derivative of -2*l**2 - 4*l + 4. Calculate q(j).
12
Let d(f) = f**3 - 11*f**2 + 5*f + 1. Let w be (3/12)/((-1)/(-44)). Let z be d(w). Let r(m) = -52*m + z*m - 3 + 3. Determine r(-1).
-4
Let d(x) = -x**2 - 13*x - 47. Let h = -14519 - -14511. Determine d(h).
-7
Let v(y) = -337*y + y**2 + 168*y + y**3 - 3 + 164*y. What is v(2)?
-1
Suppose 0 = -6*s + 1563321 - 297495. Let y(w) = w**2 + 210956*w + 4 + 13 - s*w. Give y(14).
3
Let l(r) be the first derivative of r**5/60 + r**4/6 - 3*r**2/2 + 30*r + 76. Let m(t) be the second derivative of l(t). Calculate m(-4).
0
Let i(r) be the third derivative of r**6/120 + r**5/15 + r**4/12 + r**3 + 5307*r**2. Let f be ((0/1)/(-2))/1. Let v = -4 - f. What is i(v)?
-2
Let f(i) = i**3 + 14*i + 6*i**2 - 649 + 5*i**2 + 655 + 4*i. Let n be f(-9). Let v(h) = h**3 - 7*h**2 + 7*h + 4. Determine v(n).
10
Let q = 213 + -205. Let x be q*((-4)/7 - 75/(-70)). Let y(h) = -h**2 + 7*h - 8. Give y(x).
4
Let z(r) be the second derivative of r**5/20 + 9*r**2/2 + 26319*r - 4. Let i = 1 - 1. Determine z(i).
9
Suppose 0 = 4*n - 17*n + 3289. Let y(o) = -n - 3*o - o**2 + 124 + 133. Calculate y(-5).
-6
Let a(u) = u**3 + 14*u**2 + 12*u - 13. Let g(o) = -4*o + 108. Let y be g(27). Suppose -3*h - 3*n - 36 = y, -7*h + n - 40 = -4*h. What is a(h)?
0
Let y(d) = d**3 - 5*d**2 - 7. Let u be y(5). Let t(l) = -4*l - 3. Suppose -2*q + 11 - 1 = 0. Let x(h) = -5*h - 4. Let z(f) = q*x(f) - 6*t(f). Determine z(u).
5
Suppose 6 = m + m. Let z(k) be the first derivative of -k**6/120 + k**5/30 + 140*k**3/3 + 111. Let a(p) be the third derivative of z(p). Determine a(m).
-15
Let i(b) = -b**2 - 11*b + 8. Let r be i(-12). Let o be 70/r*(-40)/14. Suppose o = -5*d + 55. Let c(j) = j**3 - j + 1. Give c(d).
1
Let m(u) = 47*u**2 + 5*u + 42. Let b(r) = 106*r**2 + 11*r + 83. Let z(h) = -4*b(h) + 9*m(h). What is z(-7)?
-10
Let b(p) = -4*p + 9. Let i = 688 - 695. Give b(i).
37
Let t(c) = 4*c**3 + 6*c**2 - c + 4. Let v(n) be the second derivative of n**5/20 + n**4/12 - n**3/6 + n**2/2 + 108*n. Let i(w) = t(w) - 3*v(w). Give i(-3).
-5
Let i(n) be the second derivative of 7*n**4/12 + n**3/3 - 2*n**2 + 3*n - 13. Let r(o) = -15*o**2 - 5*o + 9. Let x(u) = -13*i(u) - 6*r(u). Determine x(5).
-7
Let c be -5*-1*(6/5)/(-6). Let s(h) = -37*h - 44. Give s(c).
-7
Let o be -2 + (-1210)/(-165) + (-6)/(-9). Let r(i) = i**2 - 13*i - 14. What is r(o)?
-56
Let p(f) = -17*f**2 + f + 5. Let l(t) be the second derivative of -17*t**4/3 + 5*t**3/6 + 23*t**2/2 + 4*t - 2. Let b(w) = -2*l(w) + 9*p(w). Determine b(-1).
-17
Let h(q) = 5*q**3 + q**2 - 3*q - 49. Let r(o) = 3*o**3 - 2*o - 26. Let y(f) = 4*h(f) - 7*r(f). Give y(4).
-6
Let o = -85 - 85. Let s = o - -174. Let r(n) = n**2 - 5*n - 1. What is r(s)?
-5
Let n(g) = 7*g + 3. Let h(z) = 22*z + 9. Let u(j) = -2*h(j) + 7*n(j). Let b = -9753 + 9751. Calculate u(b).
-7
Let x(a) = 2 - 2*a**3 - 6861*a**2 - 10*a - 6858*a**2 + 13731*a**2. Determine x(5).
2
Suppose 4*f + 266 = -2*y, -5*f = -y - 84 + 427. Let d be (-2)/(17/(f/(-8))). Let r(n) = 6*n**2 + 3*n + 2. Give r(d).
5
Let b = -112492 - -112501. Let g(p) be the third derivative of -5*p**4/24 + p**3/2 - p**2. What is g(b)?
-42
Let w = 59 + -62. Let t(j) be the first derivative of -j**6/120 - j**5/20 + j**4/12 - j**2/2 - 10. Let f(c) be the second derivative of t(c). Calculate f(w).
-6
Let z(n) = n - 1. Let r = 77 - 76. Let f be 4/2 - r/(-1). Let i(v) = v - 3. Let w be i(f). Give z(w).
-1
Let i(c) = -2718*c - 5*c**2 - c**3 + 1357*c + 20*c**2 + 1364*c. Give i(15).
45
Let q(r) = -2*r**2 + 3*r + 4. Let l = -1370 + 1383. Suppose -7 = 3*v + 23. Let y = l + v. Calculate q(y).
-5
Let r = 762 + -758. Suppose 3*q + 29 = r*u, 2*q - 5*u - 3 + 34 = 0. Let l(k) = -4*k**2 - 5*k - 3. Determine l(q).
-24
Suppose 4*p - 16 = 4*a, -a = 5*p - 2*p. Suppose g = 4*o - 2, -o + 9 - p = g. Let x(l) = g - l + 2 - 9 - 7*l**3. Determine x(-1).
7
Let i be 9/27 + 5/3 + 1. Let c(a) = -2*a**3 + 5 + 2*a + 3*a**3 - 22*a - i*a**2. Let s be c(6). Let r(n) = 5*n + 9. Give r(s).
-26
Let t be (0 - 3) + (7 - 0 - 2). Let c(g) = -8 - 34*g + g**3 + 40*g + 3 - 5*g**t. Give c(5).
25
Suppose 25*d + 2 = -23. Let g(b) = -15*b - 8. Let n be g(d). Let f(k) = k - 17. What is f(n)?
-10
Let k be (-1 + 7)*(-3)/2. Let q(z) = -2*z - 3. Let c be q(-1). Let s(p) = -1. Let x(f) = -f - 15. Let i(n) = c*x(n) + 4*s(n). Calculate i(k).
2
Let k(d) = 407*d - 56 + 156 - 205*d - 208*d. What is k(16)?
4
Let b(l) = -l**2 - 348*l + 692. Let z be b(2). Let p(n) = 6 - 2*n - 2 + 3*n. Calculate p(z).
-4
Let n(m) = m**2 + 119*m - 615. Let q be n(5). Let r(k) be the second derivative of -2*k**2 + 1/20*k**q - 6*k + 1/3*k**3 + 0 - 1/4*k**4. Determine r(4).
20
Let a(v) = -10*v. Let n be 16 - 14 - ((1 - 10) + 2). Suppose 2*p = 4*f + 24, -f = p - n - 6. Suppose -6*i + p*i + 16 = 0. What is a(i)?
20
Let v(k) be the first derivative of 10*k + 1/2*k**2 - 4. What is v(0)?
10
Suppose 3*v + 2 = -9*a + 13*a, 3*a = 3*v + 3. Let p(o) = 7*o**2 + 11*o - 3. Calculate p(v).
3
Suppose 7 = -4*f + 23. Let h(j) = 763*j - 11. Let l(r) = -269*r + 4. Let a(n) = -6*h(n) - 17*l(n). Calculate a(f).
-22
Let y(k) be the third derivative of -11*k**5/60 + 3*k**2. Let v = -44073 - -44072. Give y(v).
-11
Let o(p) be the second derivative of -p**5/20 - p**4/3 - p**3/6 - p**2/2 - 14*p - 3. Calculate o(-3).
-7
Suppose 6*d + 0*d - 18*d = -180. Let t(w) = w**2 - 13*w - 28. What is t(d)?
2
Let r(a) = 2*a + 13. Let n(h) = -h**3 + 4*h**2 + 9*h + 7. Let o(k) = -k**3 + 5*k**2 + 9*k + 8. Let g(c) = -5*n(c) + 6*o(c). Let y be g(11). Determine r(y).
-5
Let g(r) = -3*r**2 - r. Suppose 0 = 49*d - 46*d - 45. Suppose 0 = -d*v + 41 + 184. Suppose 0 = 2*c + 19 - v. Calculate g(c).
-10
Suppose -4 = -10*t + 6*t. Let o be (-2 - t - -4)/((-2)/(-36)). Let y(j) = 4*j**2 - o*j + 9*j - 3*j**3 - 3 + 2*j**3 + 16*j. Calculate y(5).
7
Let c(z) be the first derivative of z**3/3 - 3*z**2 + 5*z + 4030. Calculate c(7).
12
Let u(t) = 9 - 3 - 7*t - 2*t**2 + 6*t - t. Determine u(-4).
-18
Let x(r) be the first derivative of r**2 - 7*r + 65. Let t = 368 - 361. Give x(t).
7
Let z be (-4)/(-34) + 108/(-51). Let y(c) = 10*c**2 - 35*c - 19. Let m(t) = -3*t**2 + 11*t + 6. Let s(x) = z*y(x) - 7*m(x). What is s(6)?
-10
Let k(x) be the third derivative of 0*x + 0*x**3 - 1/30*x**5 + 62*x**2 + 1/24*x**4 + 0. Give k(1).
-1
Let l(u) = -1100 - 5*u + 565 + 536. Calculate l(13).
-64
Let y(m) = 7*m**3 - 3*m**2 + m + 3. Let u = -5290 - -5292. Give y(u).
49
Let w(l) = l**3 + 2*l**2 - 13*l + 8. Let i(y) be the third derivative of -y**5/60 - y**4/24 + y**3/6 + 3*y**2 - 11*y. Let x(m) = 5*i(m) - w(m). Determine x(-8).
-3
Let t(s) = -3*s**2 + 11*s + 7. Let a(y) be the first derivative of -10*y - 17/2*y**2 + 4/3*y**3 + 4. Let f(d) = -5*a(d) - 7*t(d). What is f(-6)?
-11
Let c(t) = -t**2 + 10*t + 3. Let a = 476 + -472. Suppose a*w - p - 45 = 0, 5*p - 3 = -2*w + 14. Calculate c(w).
-8
Let x(y) = -2*y - 328976 + 328931 - 8*y. Calculate x(-3).
-15
Let c(l) = 5*l - 93. Suppose -1616*k = -1583*k - 594. Give c(k).
-3
Let z(l) = -l - 6 + 7*l - 20*l. Let v(k) = 1. Let m(u) = 5*v(u) + z(u). Give m(-2).
27
Let o(s) = -8*s**2 - 23*s**2 - s + 39*s**2 - s**2 - 9*s**2 + 4. Determine o(-4).
-24
Let v = -28687 + 28708. Let x(i) be the second derivative of -v*i - 2/3*i**3 - 1/12*i**4 - i**2 + 0. Calculate x(-3).
1
Let z(p) = p**2 + 35*p - 3991. Let s be z(48). Let g(h) = -h**3 - 6*h**2 + 7*h + 15. Calculate g(s).
15
Let h(n) = -22*n**2 - 8*n - 5. Let k(s) = -48*s**2 - 18*s - 11. Let l(r) = -13*h(r) + 6*k(r). What is l(-4)?
-17
Suppose 64*u + 432 = -31*u + 1382. Let y(b) = -b**2 + 4*b + 57. What is y(u)?
-3
Let j(k) be the second derivative of 0 + 7/6*k**3 + 3*k - k**2. Let d = 21970 - 21968. What is j(d)?
12
Let y(g) be the second derivative of -g**5/20 + 11*g**4/12 - 11*g**3/6 - 2*g. Suppose -48*t + 199 + 281 = 0. Calculate y(t).
-10
Let d(m) = -41 - 22*m - 18*m - 21*m + 53*m - 36. Calculate d(-10).
3
Let l(u) = 202*u - 403*u - 5 + 200*u + u**3 + 13*u**2. Supp